{"id":272,"date":"2018-04-10T11:05:58","date_gmt":"2018-04-10T09:05:58","guid":{"rendered":"http:\/\/www.lowex-bestand.de\/?page_id=272"},"modified":"2025-11-03T12:45:50","modified_gmt":"2025-11-03T11:45:50","slug":"demonstration-neuartiger-lowex-konzepte-im-mfh-bestand","status":"publish","type":"page","link":"https:\/\/lowex-bestand.de\/index.php\/demonstration-neuartiger-lowex-konzepte-im-mfh-bestand\/?lang=de","title":{"rendered":"AP 4: Demonstration und Monitoring"},"content":{"rendered":"<p><\/p>\n<h4><span style=\"color: #019682;\"><b>Ziele und Inhalte<\/b><\/span><\/h4>\n<p>F\u00fcr die exemplarische Umsetzung der entwickelten Technologien stellen Unternehmen der Wohnungswirtschaft Wohngeb\u00e4ude zur Verf\u00fcgung. Die unterschiedlichen Technologien sollen dabei jeweils an m\u00f6glichst geeigneten Objekte demonstriert werden (Vorarbeiten in AP 1 bis AP 3). Insgesamt soll f\u00fcr jedes Technologieprojekt mindestens ein Demonstrationsgeb\u00e4ude realisiert werden.<\/p>\n<p>Die Wohnungsunternehmen und die Partner der einzelnen Technologieprojekte werden w\u00e4hrend des Prozesses kontinuierlich \u00fcber alle Sanierungsphasen von einem Monitoring-Team begleitet, das auch die Umsetzung der Ma\u00dfnahmen evaluiert. Die gewonnenen Daten sollen quer \u00fcber die Demoprojekte ausgewertet werden, um m\u00f6glichst umfassende Kenntnis \u00fcber die Qualit\u00e4ten der Technologien und deren breitere Replizierbarkeit zu erlangen.<\/p>\n<h4><span style=\"color: #019682;\"><b>Aufgaben<\/b><\/span><\/h4>\n<ul>\n<li>Auswahl der Demogeb\u00e4ude und Technologiezuordnung<\/li>\n<li>Durchf\u00fchrung der Sanierung<\/li>\n<li>Monitoring<\/li>\n<li>Auswertung und Evaluierung<\/li>\n<\/ul>\n<h4><span style=\"color: #019682;\"><b>Ergebnisse <\/b><\/span><\/h4>\n<ul>\n<li>Datenauswertungen f\u00fcr die beteiligten Wohnungsunternehmen (Zusammenfassungen, Berichte)<\/li>\n<\/ul>\n<h4><a href=\"https:\/\/lowex-bestand.de\/index.php\/ergebnisse\/?lang=de\"><b>Link zu Downloads<\/b><\/a><\/h4>\n<p>&nbsp;<\/p>","protected":false},"excerpt":{"rendered":"<p>Ziele und Inhalte F\u00fcr die exemplarische Umsetzung der entwickelten Technologien stellen Unternehmen der Wohnungswirtschaft Wohngeb\u00e4ude zur Verf\u00fcgung. Die unterschiedlichen Technologien sollen dabei jeweils an m\u00f6glichst geeigneten Objekte demonstriert werden (Vorarbeiten in AP 1 bis AP<\/p>\n","protected":false},"author":3,"featured_media":0,"parent":0,"menu_order":0,"comment_status":"closed","ping_status":"closed","template":"","meta":{"footnotes":""},"yoast_head":"<!-- This site is optimized with the Yoast SEO plugin v23.5 - https:\/\/yoast.com\/wordpress\/plugins\/seo\/ -->\n<title>AP 4: Demonstration und Monitoring - LowEx-Bestand<\/title>\n<meta name=\"robots\" content=\"index, follow, max-snippet:-1, max-image-preview:large, max-video-preview:-1\" \/>\n<link rel=\"canonical\" href=\"https:\/\/lowex-bestand.de\/index.php\/demonstration-neuartiger-lowex-konzepte-im-mfh-bestand\/\" \/>\n<meta property=\"og:locale\" content=\"de_DE\" \/>\n<meta property=\"og:type\" content=\"article\" \/>\n<meta property=\"og:title\" content=\"AP 4: Demonstration und Monitoring - LowEx-Bestand\" \/>\n<meta property=\"og:description\" content=\"Ziele und Inhalte F\u00fcr die exemplarische Umsetzung der entwickelten Technologien stellen Unternehmen der Wohnungswirtschaft Wohngeb\u00e4ude zur Verf\u00fcgung. Die unterschiedlichen Technologien sollen dabei jeweils an m\u00f6glichst geeigneten Objekte demonstriert werden (Vorarbeiten in AP 1 bis AP\" \/>\n<meta property=\"og:url\" content=\"https:\/\/lowex-bestand.de\/index.php\/demonstration-neuartiger-lowex-konzepte-im-mfh-bestand\/\" \/>\n<meta property=\"og:site_name\" content=\"LowEx-Bestand\" \/>\n<meta property=\"article:modified_time\" content=\"2025-11-03T11:45:50+00:00\" \/>\n<meta name=\"twitter:card\" content=\"summary_large_image\" \/>\n<meta name=\"twitter:label1\" content=\"Gesch\u00e4tzte Lesezeit\" \/>\n\t<meta name=\"twitter:data1\" content=\"1\u00a0Minute\" \/>\n<script type=\"application\/ld+json\" class=\"yoast-schema-graph\">{\"@context\":\"https:\/\/schema.org\",\"@graph\":[{\"@type\":\"WebPage\",\"@id\":\"https:\/\/lowex-bestand.de\/index.php\/demonstration-neuartiger-lowex-konzepte-im-mfh-bestand\/\",\"url\":\"https:\/\/lowex-bestand.de\/index.php\/demonstration-neuartiger-lowex-konzepte-im-mfh-bestand\/\",\"name\":\"AP 4: Demonstration und Monitoring - LowEx-Bestand\",\"isPartOf\":{\"@id\":\"https:\/\/lowex-bestand.de\/#website\"},\"datePublished\":\"2018-04-10T09:05:58+00:00\",\"dateModified\":\"2025-11-03T11:45:50+00:00\",\"breadcrumb\":{\"@id\":\"https:\/\/lowex-bestand.de\/index.php\/demonstration-neuartiger-lowex-konzepte-im-mfh-bestand\/#breadcrumb\"},\"inLanguage\":\"de\",\"potentialAction\":[{\"@type\":\"ReadAction\",\"target\":[\"https:\/\/lowex-bestand.de\/index.php\/demonstration-neuartiger-lowex-konzepte-im-mfh-bestand\/\"]}]},{\"@type\":\"BreadcrumbList\",\"@id\":\"https:\/\/lowex-bestand.de\/index.php\/demonstration-neuartiger-lowex-konzepte-im-mfh-bestand\/#breadcrumb\",\"itemListElement\":[{\"@type\":\"ListItem\",\"position\":1,\"name\":\"Startseite\",\"item\":\"https:\/\/lowex-bestand.de\/\"},{\"@type\":\"ListItem\",\"position\":2,\"name\":\"AP 4: Demonstration und Monitoring\"}]},{\"@type\":\"WebSite\",\"@id\":\"https:\/\/lowex-bestand.de\/#website\",\"url\":\"https:\/\/lowex-bestand.de\/\",\"name\":\"LowEx-Bestand\",\"description\":\"Mehrfamilienh\u00e4user nachhaltig beheizen  - Projekt von Forschung, Heiztechnik-Herstellern und Wohnungswirtschaft\",\"publisher\":{\"@id\":\"https:\/\/lowex-bestand.de\/#organization\"},\"potentialAction\":[{\"@type\":\"SearchAction\",\"target\":{\"@type\":\"EntryPoint\",\"urlTemplate\":\"https:\/\/lowex-bestand.de\/?s={search_term_string}\"},\"query-input\":{\"@type\":\"PropertyValueSpecification\",\"valueRequired\":true,\"valueName\":\"search_term_string\"}}],\"inLanguage\":\"de\"},{\"@type\":\"Organization\",\"@id\":\"https:\/\/lowex-bestand.de\/#organization\",\"name\":\"LowEx-Bestand\",\"url\":\"https:\/\/lowex-bestand.de\/\",\"logo\":{\"@type\":\"ImageObject\",\"inLanguage\":\"de\",\"@id\":\"https:\/\/lowex-bestand.de\/#\/schema\/logo\/image\/\",\"url\":\"https:\/\/lowex-bestand.de\/wp-content\/uploads\/2022\/02\/cropped-Header_Logos_neu_3.png\",\"contentUrl\":\"https:\/\/lowex-bestand.de\/wp-content\/uploads\/2022\/02\/cropped-Header_Logos_neu_3.png\",\"width\":1999,\"height\":160,\"caption\":\"LowEx-Bestand\"},\"image\":{\"@id\":\"https:\/\/lowex-bestand.de\/#\/schema\/logo\/image\/\"}}]}<\/script>\n<!-- \/ Yoast SEO plugin. -->","yoast_head_json":{"title":"AP 4: Demonstration und Monitoring - LowEx-Bestand","robots":{"index":"index","follow":"follow","max-snippet":"max-snippet:-1","max-image-preview":"max-image-preview:large","max-video-preview":"max-video-preview:-1"},"canonical":"https:\/\/lowex-bestand.de\/index.php\/demonstration-neuartiger-lowex-konzepte-im-mfh-bestand\/","og_locale":"de_DE","og_type":"article","og_title":"AP 4: Demonstration und Monitoring - LowEx-Bestand","og_description":"Ziele und Inhalte F\u00fcr die exemplarische Umsetzung der entwickelten Technologien stellen Unternehmen der Wohnungswirtschaft Wohngeb\u00e4ude zur Verf\u00fcgung. Die unterschiedlichen Technologien sollen dabei jeweils an m\u00f6glichst geeigneten Objekte demonstriert werden (Vorarbeiten in AP 1 bis AP","og_url":"https:\/\/lowex-bestand.de\/index.php\/demonstration-neuartiger-lowex-konzepte-im-mfh-bestand\/","og_site_name":"LowEx-Bestand","article_modified_time":"2025-11-03T11:45:50+00:00","twitter_card":"summary_large_image","twitter_misc":{"Gesch\u00e4tzte Lesezeit":"1\u00a0Minute"},"schema":{"@context":"https:\/\/schema.org","@graph":[{"@type":"WebPage","@id":"https:\/\/lowex-bestand.de\/index.php\/demonstration-neuartiger-lowex-konzepte-im-mfh-bestand\/","url":"https:\/\/lowex-bestand.de\/index.php\/demonstration-neuartiger-lowex-konzepte-im-mfh-bestand\/","name":"AP 4: Demonstration und Monitoring - LowEx-Bestand","isPartOf":{"@id":"https:\/\/lowex-bestand.de\/#website"},"datePublished":"2018-04-10T09:05:58+00:00","dateModified":"2025-11-03T11:45:50+00:00","breadcrumb":{"@id":"https:\/\/lowex-bestand.de\/index.php\/demonstration-neuartiger-lowex-konzepte-im-mfh-bestand\/#breadcrumb"},"inLanguage":"de","potentialAction":[{"@type":"ReadAction","target":["https:\/\/lowex-bestand.de\/index.php\/demonstration-neuartiger-lowex-konzepte-im-mfh-bestand\/"]}]},{"@type":"BreadcrumbList","@id":"https:\/\/lowex-bestand.de\/index.php\/demonstration-neuartiger-lowex-konzepte-im-mfh-bestand\/#breadcrumb","itemListElement":[{"@type":"ListItem","position":1,"name":"Startseite","item":"https:\/\/lowex-bestand.de\/"},{"@type":"ListItem","position":2,"name":"AP 4: Demonstration und Monitoring"}]},{"@type":"WebSite","@id":"https:\/\/lowex-bestand.de\/#website","url":"https:\/\/lowex-bestand.de\/","name":"LowEx-Bestand","description":"Mehrfamilienh\u00e4user nachhaltig beheizen  - Projekt von Forschung, Heiztechnik-Herstellern und Wohnungswirtschaft","publisher":{"@id":"https:\/\/lowex-bestand.de\/#organization"},"potentialAction":[{"@type":"SearchAction","target":{"@type":"EntryPoint","urlTemplate":"https:\/\/lowex-bestand.de\/?s={search_term_string}"},"query-input":{"@type":"PropertyValueSpecification","valueRequired":true,"valueName":"search_term_string"}}],"inLanguage":"de"},{"@type":"Organization","@id":"https:\/\/lowex-bestand.de\/#organization","name":"LowEx-Bestand","url":"https:\/\/lowex-bestand.de\/","logo":{"@type":"ImageObject","inLanguage":"de","@id":"https:\/\/lowex-bestand.de\/#\/schema\/logo\/image\/","url":"https:\/\/lowex-bestand.de\/wp-content\/uploads\/2022\/02\/cropped-Header_Logos_neu_3.png","contentUrl":"https:\/\/lowex-bestand.de\/wp-content\/uploads\/2022\/02\/cropped-Header_Logos_neu_3.png","width":1999,"height":160,"caption":"LowEx-Bestand"},"image":{"@id":"https:\/\/lowex-bestand.de\/#\/schema\/logo\/image\/"}}]}},"_links":{"self":[{"href":"https:\/\/lowex-bestand.de\/index.php\/wp-json\/wp\/v2\/pages\/272"}],"collection":[{"href":"https:\/\/lowex-bestand.de\/index.php\/wp-json\/wp\/v2\/pages"}],"about":[{"href":"https:\/\/lowex-bestand.de\/index.php\/wp-json\/wp\/v2\/types\/page"}],"author":[{"embeddable":true,"href":"https:\/\/lowex-bestand.de\/index.php\/wp-json\/wp\/v2\/users\/3"}],"replies":[{"embeddable":true,"href":"https:\/\/lowex-bestand.de\/index.php\/wp-json\/wp\/v2\/comments?post=272"}],"version-history":[{"count":13,"href":"https:\/\/lowex-bestand.de\/index.php\/wp-json\/wp\/v2\/pages\/272\/revisions"}],"predecessor-version":[{"id":1604,"href":"https:\/\/lowex-bestand.de\/index.php\/wp-json\/wp\/v2\/pages\/272\/revisions\/1604"}],"wp:attachment":[{"href":"https:\/\/lowex-bestand.de\/index.php\/wp-json\/wp\/v2\/media?parent=272"}],"curies":[{"name":"wp","href":"https:\/\/api.w.org\/{rel}","templated":true}]}}