{"id":285,"date":"2018-04-10T11:37:17","date_gmt":"2018-04-10T09:37:17","guid":{"rendered":"http:\/\/www.lowex-bestand.de\/?page_id=285"},"modified":"2025-11-03T12:49:36","modified_gmt":"2025-11-03T11:49:36","slug":"fihls","status":"publish","type":"page","link":"https:\/\/lowex-bestand.de\/index.php\/fihls\/?lang=de","title":{"rendered":"FIHLS &#8211; Beck+Heun, Westaflex, Kermi"},"content":{"rendered":"<p><\/p>\n<h3><span style=\"color: #019682;\">Fassadenintegrierte Heizung+K\u00fchlung, L\u00fcftung und Sanit\u00e4r<img loading=\"lazy\" decoding=\"async\" class=\"wp-image-1375 alignright\" src=\"http:\/\/www.lowex-bestand.de\/wp-content\/uploads\/2022\/02\/BMWK_Fz_2017_Office_Farbe_de.png\" alt=\"\" width=\"200\" height=\"206\" srcset=\"https:\/\/lowex-bestand.de\/wp-content\/uploads\/2022\/02\/BMWK_Fz_2017_Office_Farbe_de.png 1360w, https:\/\/lowex-bestand.de\/wp-content\/uploads\/2022\/02\/BMWK_Fz_2017_Office_Farbe_de-291x300.png 291w, https:\/\/lowex-bestand.de\/wp-content\/uploads\/2022\/02\/BMWK_Fz_2017_Office_Farbe_de-995x1024.png 995w, https:\/\/lowex-bestand.de\/wp-content\/uploads\/2022\/02\/BMWK_Fz_2017_Office_Farbe_de-768x791.png 768w\" sizes=\"(max-width: 200px) 100vw, 200px\" \/><\/span><\/h3>\n<p><b>F\u00f6rderkennzeichen<\/b><b>: <\/b>03ET1401 A\/B\/C\/D<\/p>\n<p><b>Laufzeit<\/b>: 01.07.2016 bis 31.10.2021<\/p>\n<p><b>Projektpartner<\/b><b>:<\/b> Fraunhofer ISE, Beck+Heun GmbH, Westaflexwerk GmbH,<br \/>\nKermi GmbH<\/p>\n<h4><\/h4>\n<h4><span style=\"color: #019682;\">Ziele<\/span><\/h4>\n<ul>\n<li>Aufbau einer Gewerke-\u00fcbergreifenden Systematik f\u00fcr die Verlegung von HLS Komponenten in der Fassade<\/li>\n<li>Erforschung eines nicht brennbaren D\u00e4mm-Materials f\u00fcr die Nutzung als Fassadenkomponente<\/li>\n<li>LowEx geeignete Heizfl\u00e4chen mit Integrierten L\u00fcftungsfunktionen<\/li>\n<li>Entwickeln von sehr kompakten L\u00fcftungsger\u00e4ten f\u00fcr Wohnungen<\/li>\n<\/ul>\n<h4><b><span style=\"color: #019682;\">Technologie<\/span> <\/b><\/h4>\n<p><b>Beck+Heun<\/b><b> GmbH <\/b>entwickelt unter Verwendung von Wasserglas basierten Rohstoffen gie\u00df- und sch\u00e4umbare mineralische D\u00e4mmstoffe f\u00fcr die Verwendung in der Fassade. Unterschiedliche Materialkompositionen und Verarbeitungsmethoden werden entwickelt und \u00fcberpr\u00fcft.<\/p>\n<figure id=\"attachment_575\" aria-describedby=\"caption-attachment-575\" style=\"width: 840px\" class=\"wp-caption alignnone\"><img loading=\"lazy\" decoding=\"async\" class=\"wp-image-575 size-large\" src=\"http:\/\/www.lowex-bestand.de\/wp-content\/uploads\/2018\/04\/Technologie_BeckHeun-1024x270.png\" alt=\"\" width=\"840\" height=\"221\" srcset=\"https:\/\/lowex-bestand.de\/wp-content\/uploads\/2018\/04\/Technologie_BeckHeun-1024x270.png 1024w, https:\/\/lowex-bestand.de\/wp-content\/uploads\/2018\/04\/Technologie_BeckHeun-300x79.png 300w, https:\/\/lowex-bestand.de\/wp-content\/uploads\/2018\/04\/Technologie_BeckHeun-768x203.png 768w, https:\/\/lowex-bestand.de\/wp-content\/uploads\/2018\/04\/Technologie_BeckHeun.png 1867w\" sizes=\"(max-width: 840px) 100vw, 840px\" \/><figcaption id=\"caption-attachment-575\" class=\"wp-caption-text\">Verformungen im Langzeittest, Baumuster Rollladenkasten, Brandtest (v.l.n.r.)<\/figcaption><\/figure>\n<p><b>Westaflexwerk<\/b> <b>GmbH<\/b> entwickelt ein Wohnungsl\u00fcftungsger\u00e4t, welches die einzelnen R\u00e4ume nach individuellem Bedarf bel\u00fcftet und gleichzeitig nur ein minimales Bauvolumen ben\u00f6tigt. Parallel wird \u00fcberpr\u00fcft, ob Draht-basierte W\u00e4rme\u00fcbertrager Vorteile bei Performanz und Bauvolumen gegen\u00fcber konventionellen W\u00e4rme\u00fcbertragern besitzen.<\/p>\n<figure id=\"attachment_574\" aria-describedby=\"caption-attachment-574\" style=\"width: 595px\" class=\"wp-caption alignnone\"><img loading=\"lazy\" decoding=\"async\" class=\" wp-image-574\" src=\"http:\/\/www.lowex-bestand.de\/wp-content\/uploads\/2018\/04\/Technologie_Westaflex-1024x347.png\" alt=\"\" width=\"595\" height=\"202\" srcset=\"https:\/\/lowex-bestand.de\/wp-content\/uploads\/2018\/04\/Technologie_Westaflex-1024x347.png 1024w, https:\/\/lowex-bestand.de\/wp-content\/uploads\/2018\/04\/Technologie_Westaflex-300x102.png 300w, https:\/\/lowex-bestand.de\/wp-content\/uploads\/2018\/04\/Technologie_Westaflex-768x260.png 768w, https:\/\/lowex-bestand.de\/wp-content\/uploads\/2018\/04\/Technologie_Westaflex.png 1708w\" sizes=\"(max-width: 595px) 100vw, 595px\" \/><figcaption id=\"caption-attachment-574\" class=\"wp-caption-text\">Rotationsw\u00e4rme\u00fcbertrager (links), Schnittmodell Wohnungsl\u00fcftungsger\u00e4t (rechts)<\/figcaption><\/figure>\n<p><b>KERMI <\/b><b>GmbH<\/b> entwickelt angepasste Niedertemperatur-Heizfl\u00e4chen, f\u00fcr die Heizung, K\u00fchlung und Bel\u00fcftung von R\u00e4umen, welche sich optimal mit L\u00fcftungsanlagen kombinieren lassen.<\/p>\n<figure id=\"attachment_573\" aria-describedby=\"caption-attachment-573\" style=\"width: 840px\" class=\"wp-caption alignnone\"><img loading=\"lazy\" decoding=\"async\" class=\"wp-image-573 size-large\" src=\"http:\/\/www.lowex-bestand.de\/wp-content\/uploads\/2018\/04\/Technologie_Kermi-1024x222.png\" alt=\"\" width=\"840\" height=\"182\" srcset=\"https:\/\/lowex-bestand.de\/wp-content\/uploads\/2018\/04\/Technologie_Kermi-1024x222.png 1024w, https:\/\/lowex-bestand.de\/wp-content\/uploads\/2018\/04\/Technologie_Kermi-300x65.png 300w, https:\/\/lowex-bestand.de\/wp-content\/uploads\/2018\/04\/Technologie_Kermi-768x166.png 768w, https:\/\/lowex-bestand.de\/wp-content\/uploads\/2018\/04\/Technologie_Kermi.png 1910w\" sizes=\"(max-width: 840px) 100vw, 840px\" \/><figcaption id=\"caption-attachment-573\" class=\"wp-caption-text\">Temperaturverlauf im Heizk\u00f6rpermodell mit Zuluft (links); Funktionsmuster, R\u00fcckseite der Heizfl\u00e4che (rechts)<\/figcaption><\/figure>\n<h4><span style=\"color: #019682;\"><b>Arbeitsplan<\/b><\/span><\/h4>\n<p><strong>Systemanalyse, Fassaden mit integrierter HLS (ISE):<br \/>\n<\/strong>Im Ergebnis liefert das Arbeitspaket eine Komponentenmatrix, in welcher die zu entwickelnden Komponenten aufgelistet sind, mit jeweils technischen Eigenschaften, die z.B. wegen Platzbedarf, Brandschutz, Schallschutz oder Bauablauf erf\u00fcllt werden m\u00fcssen. Beispielhafte Haustechnikplanungen mit dem Schwerpunkt Fassadenintegration von Haustechnik werden vorgestellt und bewertet.<\/p>\n<p><strong>D\u00e4mmsystem und Fensterrahmen mit Silikat basiertem neuem Material (Beck+Heun)<br \/>\n<\/strong>Eine Technologiematrix wird entwickelt, bei der die verschiedenenMaterialvarianten Fassadenkomponenten gegen\u00fcber gestellt werden.\u00a0 Funktionsmustererstellung f\u00fcr die Demonstratoren.<\/p>\n<p><strong>Fassadenintegrierte Heizung und L\u00fcftung \u2013 zentrale Konzepte (westaflex, Beck+Heun)<br \/>\n<\/strong>Entwicklung eines optimierten gepr\u00fcften Konzepts, das auf einem realen Demonstrator, einem Wohngeb\u00e4ude, umgesetzt werden kann. Fensterelemente und Fassadenteile sowie der Montageablauf wird entwickelt.<\/p>\n<p><strong>L\u00fcftungsger\u00e4te \u2013 wohnungsweise, raumweise (westaflex, Beck+Heun)<br \/>\n<\/strong>Im Arbeitspaket werden zwei funktionsf\u00e4hige Muster entwickelt, ein kompaktes Wohnungsger\u00e4t und ein im Fensterrahmenmodul integriertes Einzelraumger\u00e4t, die auf einem realen Demonstrator umgesetzt werden.<\/p>\n<p>&nbsp;<\/p>\n<h4><a href=\"https:\/\/lowex-bestand.de\/index.php\/ergebnisse\/?lang=de\"><b>Link zu Downloads<\/b><\/a><\/h4>\n<p><\/p>","protected":false},"excerpt":{"rendered":"<p>Fassadenintegrierte Heizung+K\u00fchlung, L\u00fcftung und Sanit\u00e4r F\u00f6rderkennzeichen: 03ET1401 A\/B\/C\/D Laufzeit: 01.07.2016 bis 31.10.2021 Projektpartner: Fraunhofer ISE, Beck+Heun GmbH, Westaflexwerk GmbH, Kermi GmbH Ziele Aufbau einer Gewerke-\u00fcbergreifenden Systematik f\u00fcr die Verlegung von HLS Komponenten in der Fassade<\/p>\n","protected":false},"author":3,"featured_media":0,"parent":0,"menu_order":0,"comment_status":"closed","ping_status":"closed","template":"","meta":{"footnotes":""},"yoast_head":"<!-- This site is optimized with the Yoast SEO plugin v23.5 - https:\/\/yoast.com\/wordpress\/plugins\/seo\/ -->\n<title>FIHLS - Beck+Heun, Westaflex, Kermi - LowEx-Bestand<\/title>\n<meta name=\"robots\" content=\"index, follow, max-snippet:-1, max-image-preview:large, max-video-preview:-1\" \/>\n<link rel=\"canonical\" href=\"https:\/\/lowex-bestand.de\/index.php\/fihls\/\" \/>\n<meta property=\"og:locale\" content=\"de_DE\" \/>\n<meta property=\"og:type\" content=\"article\" \/>\n<meta property=\"og:title\" content=\"FIHLS - Beck+Heun, Westaflex, Kermi - LowEx-Bestand\" \/>\n<meta property=\"og:description\" content=\"Fassadenintegrierte Heizung+K\u00fchlung, L\u00fcftung und Sanit\u00e4r F\u00f6rderkennzeichen: 03ET1401 A\/B\/C\/D Laufzeit: 01.07.2016 bis 31.10.2021 Projektpartner: Fraunhofer ISE, Beck+Heun GmbH, Westaflexwerk GmbH, Kermi GmbH Ziele Aufbau einer Gewerke-\u00fcbergreifenden Systematik f\u00fcr die Verlegung von HLS Komponenten in der Fassade\" \/>\n<meta property=\"og:url\" content=\"https:\/\/lowex-bestand.de\/index.php\/fihls\/\" \/>\n<meta property=\"og:site_name\" content=\"LowEx-Bestand\" \/>\n<meta property=\"article:modified_time\" content=\"2025-11-03T11:49:36+00:00\" \/>\n<meta property=\"og:image\" content=\"http:\/\/www.lowex-bestand.de\/wp-content\/uploads\/2022\/02\/BMWK_Fz_2017_Office_Farbe_de.png\" \/>\n<meta name=\"twitter:card\" content=\"summary_large_image\" \/>\n<meta name=\"twitter:label1\" content=\"Gesch\u00e4tzte Lesezeit\" \/>\n\t<meta name=\"twitter:data1\" content=\"4\u00a0Minuten\" \/>\n<script type=\"application\/ld+json\" class=\"yoast-schema-graph\">{\"@context\":\"https:\/\/schema.org\",\"@graph\":[{\"@type\":\"WebPage\",\"@id\":\"https:\/\/lowex-bestand.de\/index.php\/fihls\/\",\"url\":\"https:\/\/lowex-bestand.de\/index.php\/fihls\/\",\"name\":\"FIHLS - Beck+Heun, Westaflex, Kermi - LowEx-Bestand\",\"isPartOf\":{\"@id\":\"https:\/\/lowex-bestand.de\/#website\"},\"primaryImageOfPage\":{\"@id\":\"https:\/\/lowex-bestand.de\/index.php\/fihls\/#primaryimage\"},\"image\":{\"@id\":\"https:\/\/lowex-bestand.de\/index.php\/fihls\/#primaryimage\"},\"thumbnailUrl\":\"http:\/\/www.lowex-bestand.de\/wp-content\/uploads\/2022\/02\/BMWK_Fz_2017_Office_Farbe_de.png\",\"datePublished\":\"2018-04-10T09:37:17+00:00\",\"dateModified\":\"2025-11-03T11:49:36+00:00\",\"breadcrumb\":{\"@id\":\"https:\/\/lowex-bestand.de\/index.php\/fihls\/#breadcrumb\"},\"inLanguage\":\"de\",\"potentialAction\":[{\"@type\":\"ReadAction\",\"target\":[\"https:\/\/lowex-bestand.de\/index.php\/fihls\/\"]}]},{\"@type\":\"ImageObject\",\"inLanguage\":\"de\",\"@id\":\"https:\/\/lowex-bestand.de\/index.php\/fihls\/#primaryimage\",\"url\":\"http:\/\/www.lowex-bestand.de\/wp-content\/uploads\/2022\/02\/BMWK_Fz_2017_Office_Farbe_de.png\",\"contentUrl\":\"http:\/\/www.lowex-bestand.de\/wp-content\/uploads\/2022\/02\/BMWK_Fz_2017_Office_Farbe_de.png\"},{\"@type\":\"BreadcrumbList\",\"@id\":\"https:\/\/lowex-bestand.de\/index.php\/fihls\/#breadcrumb\",\"itemListElement\":[{\"@type\":\"ListItem\",\"position\":1,\"name\":\"Startseite\",\"item\":\"https:\/\/lowex-bestand.de\/\"},{\"@type\":\"ListItem\",\"position\":2,\"name\":\"FIHLS &#8211; Beck+Heun, Westaflex, Kermi\"}]},{\"@type\":\"WebSite\",\"@id\":\"https:\/\/lowex-bestand.de\/#website\",\"url\":\"https:\/\/lowex-bestand.de\/\",\"name\":\"LowEx-Bestand\",\"description\":\"Mehrfamilienh\u00e4user nachhaltig beheizen  - Projekt von Forschung, Heiztechnik-Herstellern und Wohnungswirtschaft\",\"publisher\":{\"@id\":\"https:\/\/lowex-bestand.de\/#organization\"},\"potentialAction\":[{\"@type\":\"SearchAction\",\"target\":{\"@type\":\"EntryPoint\",\"urlTemplate\":\"https:\/\/lowex-bestand.de\/?s={search_term_string}\"},\"query-input\":{\"@type\":\"PropertyValueSpecification\",\"valueRequired\":true,\"valueName\":\"search_term_string\"}}],\"inLanguage\":\"de\"},{\"@type\":\"Organization\",\"@id\":\"https:\/\/lowex-bestand.de\/#organization\",\"name\":\"LowEx-Bestand\",\"url\":\"https:\/\/lowex-bestand.de\/\",\"logo\":{\"@type\":\"ImageObject\",\"inLanguage\":\"de\",\"@id\":\"https:\/\/lowex-bestand.de\/#\/schema\/logo\/image\/\",\"url\":\"https:\/\/lowex-bestand.de\/wp-content\/uploads\/2022\/02\/cropped-Header_Logos_neu_3.png\",\"contentUrl\":\"https:\/\/lowex-bestand.de\/wp-content\/uploads\/2022\/02\/cropped-Header_Logos_neu_3.png\",\"width\":1999,\"height\":160,\"caption\":\"LowEx-Bestand\"},\"image\":{\"@id\":\"https:\/\/lowex-bestand.de\/#\/schema\/logo\/image\/\"}}]}<\/script>\n<!-- \/ Yoast SEO plugin. -->","yoast_head_json":{"title":"FIHLS - Beck+Heun, Westaflex, Kermi - LowEx-Bestand","robots":{"index":"index","follow":"follow","max-snippet":"max-snippet:-1","max-image-preview":"max-image-preview:large","max-video-preview":"max-video-preview:-1"},"canonical":"https:\/\/lowex-bestand.de\/index.php\/fihls\/","og_locale":"de_DE","og_type":"article","og_title":"FIHLS - Beck+Heun, Westaflex, Kermi - LowEx-Bestand","og_description":"Fassadenintegrierte Heizung+K\u00fchlung, L\u00fcftung und Sanit\u00e4r F\u00f6rderkennzeichen: 03ET1401 A\/B\/C\/D Laufzeit: 01.07.2016 bis 31.10.2021 Projektpartner: Fraunhofer ISE, Beck+Heun GmbH, Westaflexwerk GmbH, Kermi GmbH Ziele Aufbau einer Gewerke-\u00fcbergreifenden Systematik f\u00fcr die Verlegung von HLS Komponenten in der Fassade","og_url":"https:\/\/lowex-bestand.de\/index.php\/fihls\/","og_site_name":"LowEx-Bestand","article_modified_time":"2025-11-03T11:49:36+00:00","og_image":[{"url":"http:\/\/www.lowex-bestand.de\/wp-content\/uploads\/2022\/02\/BMWK_Fz_2017_Office_Farbe_de.png"}],"twitter_card":"summary_large_image","twitter_misc":{"Gesch\u00e4tzte Lesezeit":"4\u00a0Minuten"},"schema":{"@context":"https:\/\/schema.org","@graph":[{"@type":"WebPage","@id":"https:\/\/lowex-bestand.de\/index.php\/fihls\/","url":"https:\/\/lowex-bestand.de\/index.php\/fihls\/","name":"FIHLS - Beck+Heun, Westaflex, Kermi - LowEx-Bestand","isPartOf":{"@id":"https:\/\/lowex-bestand.de\/#website"},"primaryImageOfPage":{"@id":"https:\/\/lowex-bestand.de\/index.php\/fihls\/#primaryimage"},"image":{"@id":"https:\/\/lowex-bestand.de\/index.php\/fihls\/#primaryimage"},"thumbnailUrl":"http:\/\/www.lowex-bestand.de\/wp-content\/uploads\/2022\/02\/BMWK_Fz_2017_Office_Farbe_de.png","datePublished":"2018-04-10T09:37:17+00:00","dateModified":"2025-11-03T11:49:36+00:00","breadcrumb":{"@id":"https:\/\/lowex-bestand.de\/index.php\/fihls\/#breadcrumb"},"inLanguage":"de","potentialAction":[{"@type":"ReadAction","target":["https:\/\/lowex-bestand.de\/index.php\/fihls\/"]}]},{"@type":"ImageObject","inLanguage":"de","@id":"https:\/\/lowex-bestand.de\/index.php\/fihls\/#primaryimage","url":"http:\/\/www.lowex-bestand.de\/wp-content\/uploads\/2022\/02\/BMWK_Fz_2017_Office_Farbe_de.png","contentUrl":"http:\/\/www.lowex-bestand.de\/wp-content\/uploads\/2022\/02\/BMWK_Fz_2017_Office_Farbe_de.png"},{"@type":"BreadcrumbList","@id":"https:\/\/lowex-bestand.de\/index.php\/fihls\/#breadcrumb","itemListElement":[{"@type":"ListItem","position":1,"name":"Startseite","item":"https:\/\/lowex-bestand.de\/"},{"@type":"ListItem","position":2,"name":"FIHLS &#8211; Beck+Heun, Westaflex, Kermi"}]},{"@type":"WebSite","@id":"https:\/\/lowex-bestand.de\/#website","url":"https:\/\/lowex-bestand.de\/","name":"LowEx-Bestand","description":"Mehrfamilienh\u00e4user nachhaltig beheizen  - Projekt von Forschung, Heiztechnik-Herstellern und Wohnungswirtschaft","publisher":{"@id":"https:\/\/lowex-bestand.de\/#organization"},"potentialAction":[{"@type":"SearchAction","target":{"@type":"EntryPoint","urlTemplate":"https:\/\/lowex-bestand.de\/?s={search_term_string}"},"query-input":{"@type":"PropertyValueSpecification","valueRequired":true,"valueName":"search_term_string"}}],"inLanguage":"de"},{"@type":"Organization","@id":"https:\/\/lowex-bestand.de\/#organization","name":"LowEx-Bestand","url":"https:\/\/lowex-bestand.de\/","logo":{"@type":"ImageObject","inLanguage":"de","@id":"https:\/\/lowex-bestand.de\/#\/schema\/logo\/image\/","url":"https:\/\/lowex-bestand.de\/wp-content\/uploads\/2022\/02\/cropped-Header_Logos_neu_3.png","contentUrl":"https:\/\/lowex-bestand.de\/wp-content\/uploads\/2022\/02\/cropped-Header_Logos_neu_3.png","width":1999,"height":160,"caption":"LowEx-Bestand"},"image":{"@id":"https:\/\/lowex-bestand.de\/#\/schema\/logo\/image\/"}}]}},"_links":{"self":[{"href":"https:\/\/lowex-bestand.de\/index.php\/wp-json\/wp\/v2\/pages\/285"}],"collection":[{"href":"https:\/\/lowex-bestand.de\/index.php\/wp-json\/wp\/v2\/pages"}],"about":[{"href":"https:\/\/lowex-bestand.de\/index.php\/wp-json\/wp\/v2\/types\/page"}],"author":[{"embeddable":true,"href":"https:\/\/lowex-bestand.de\/index.php\/wp-json\/wp\/v2\/users\/3"}],"replies":[{"embeddable":true,"href":"https:\/\/lowex-bestand.de\/index.php\/wp-json\/wp\/v2\/comments?post=285"}],"version-history":[{"count":25,"href":"https:\/\/lowex-bestand.de\/index.php\/wp-json\/wp\/v2\/pages\/285\/revisions"}],"predecessor-version":[{"id":1609,"href":"https:\/\/lowex-bestand.de\/index.php\/wp-json\/wp\/v2\/pages\/285\/revisions\/1609"}],"wp:attachment":[{"href":"https:\/\/lowex-bestand.de\/index.php\/wp-json\/wp\/v2\/media?parent=285"}],"curies":[{"name":"wp","href":"https:\/\/api.w.org\/{rel}","templated":true}]}}