{"id":296,"date":"2018-04-10T12:59:05","date_gmt":"2018-04-10T10:59:05","guid":{"rendered":"http:\/\/www.lowex-bestand.de\/?page_id=296"},"modified":"2022-02-07T12:01:17","modified_gmt":"2022-02-07T11:01:17","slug":"demonstration","status":"publish","type":"page","link":"https:\/\/lowex-bestand.de\/index.php\/demonstration\/?lang=de","title":{"rendered":"\u00dcbersicht"},"content":{"rendered":"<p><\/p>\n<h4><span style=\"color: #019682;\">D<\/span><span style=\"color: #019682;\">emonstrationsprojekte<\/span><\/h4>\n<ul>\n<li><a href=\"http:\/\/www.lowex-bestand.de\/index.php\/wohnungsgesellschaft-adorf\/\">Wohnungsgesellschaft Adorf<\/a><\/li>\n<li><a href=\"http:\/\/www.lowex-bestand.de\/index.php\/karlsruher-energieservice-kes\/\">KES Karlsruher Energieservice<\/a><\/li>\n<li><a href=\"https:\/\/www.lowex-bestand.de\/index.php\/frank-bramfeld-gbr\/?lang=de\">Frank Bramfeld GBR<\/a><\/li>\n<\/ul>\n<p>&nbsp;<\/p>\n<h3><span style=\"color: #019682;\"><strong>Forschung im Rahmen von LowEx-Bestand Analyse<\/strong><\/span><\/h3>\n<h4><span style=\"color: #019682;\"><img loading=\"lazy\" decoding=\"async\" class=\"alignright wp-image-1375\" src=\"http:\/\/www.lowex-bestand.de\/wp-content\/uploads\/2022\/02\/BMWK_Fz_2017_Office_Farbe_de.png\" alt=\"\" width=\"200\" height=\"206\" srcset=\"https:\/\/lowex-bestand.de\/wp-content\/uploads\/2022\/02\/BMWK_Fz_2017_Office_Farbe_de.png 1360w, https:\/\/lowex-bestand.de\/wp-content\/uploads\/2022\/02\/BMWK_Fz_2017_Office_Farbe_de-291x300.png 291w, https:\/\/lowex-bestand.de\/wp-content\/uploads\/2022\/02\/BMWK_Fz_2017_Office_Farbe_de-995x1024.png 995w, https:\/\/lowex-bestand.de\/wp-content\/uploads\/2022\/02\/BMWK_Fz_2017_Office_Farbe_de-768x791.png 768w\" sizes=\"(max-width: 200px) 100vw, 200px\" \/><\/span><\/h4>\n<p><b>F\u00f6rderkennzeichen: <\/b>03SBE0001 B\/C<\/p>\n<p><strong>Laufzeit<\/strong>: 01.05.2018 bis 28.02.2022<\/p>\n<p><b>Projektpartner: <\/b>Fraunhofer ISE, INATECH &#8211; Uni Freiburg<\/p>\n<h4><span style=\"color: #019682;\">Ziele<\/span><\/h4>\n<ul>\n<li>Evaluierung der technischen und energetischen Performanz<\/li>\n<li>\u00dcberpr\u00fcfung der technischen Umsetzung und der Sanierungsschritte von LowEx Komponenten in Wohngeb\u00e4uden<\/li>\n<li>Empfehlungen f\u00fcr die weitere Umsetzbarkeit f\u00fcr Mehrfamilienh\u00e4user<\/li>\n<\/ul>\n<h4><span style=\"color: #019682;\">Arbeitsplan<\/span><\/h4>\n<p><strong>Vorbereitung und Organisation<\/strong><br \/>\nKl\u00e4rung des Bauablaufes , der beteiligten Akteure und Fachplaner, Verantwortlichkeiten, Schnittstellen und Monitoringbedingungen.<\/p>\n<p><strong>Durchf\u00fchrung der Sanierung<\/strong><br \/>\nAbstimmung\u00a0 mit den Fachplanern, Begleitung der Sanierungsphase. Unterst\u00fctzung zur Qualit\u00e4tssicherung, Inbetriebnahme und Optimierung.<\/p>\n<p><strong>Monitoring<\/strong><br \/>\nErstellung eines Monitoringkonzeptes mit Festlegung der Messpunkte, \u00dcberpr\u00fcfung der Datenqualit\u00e4t und Sicherung der Daten\u00fcbertragung.<\/p>\n<p><strong>Auswertung und Evaluierung<br \/>\n<\/strong>Auswertung der Monitoringdaten und Bereitstellung von Ergebnissen zur Optimierung und weiteren Verbreitung.<\/p>\n<p>&nbsp;<\/p>\n<h4><span style=\"color: #019682;\"><strong>Ansprechpartner<\/strong><\/span><\/h4>\n<p><b>Arnulf Dinkel, <\/b><b>Projektleiter <\/b><b>ISE<img loading=\"lazy\" decoding=\"async\" class=\" wp-image-451 alignright\" src=\"http:\/\/www.lowex-bestand.de\/wp-content\/uploads\/2018\/04\/ISE-1024x252.png\" alt=\"\" width=\"325\" height=\"80\" srcset=\"https:\/\/lowex-bestand.de\/wp-content\/uploads\/2018\/04\/ISE-1024x252.png 1024w, https:\/\/lowex-bestand.de\/wp-content\/uploads\/2018\/04\/ISE-300x74.png 300w, https:\/\/lowex-bestand.de\/wp-content\/uploads\/2018\/04\/ISE-768x189.png 768w\" sizes=\"(max-width: 325px) 100vw, 325px\" \/><br \/>\n<\/b>Fraunhofer-Institut f\u00fcr Solare Energiesysteme ISE<br \/>\nAbteilung Energieeffiziente Geb\u00e4ude<br \/>\n+49 (0)761\/ 4588-5887<br \/>\na&#114;&#110;&#x75;&#x6c;&#x66;&#x2e;d&#105;&#110;&#107;&#x65;&#x6c;&#x40;is&#101;&#46;&#x66;&#x72;&#x61;un&#104;&#111;&#x66;&#x65;&#x72;&#46;d&#101;<\/p>\n<h4><\/h4>\n<h4><span style=\"color: #019682;\">Downloads<\/span><\/h4>\n<p><a href=\"http:\/\/www.lowex-bestand.de\/wp-content\/uploads\/2022\/02\/Poster_LowEx-Bestand_Demo.pdf\">Poster_LowEx-Bestand_Demo<\/a><\/p>","protected":false},"excerpt":{"rendered":"<p>Demonstrationsprojekte Wohnungsgesellschaft Adorf KES Karlsruher Energieservice Frank Bramfeld GBR &nbsp; Forschung im Rahmen von LowEx-Bestand Analyse F\u00f6rderkennzeichen: 03SBE0001 B\/C Laufzeit: 01.05.2018 bis 28.02.2022 Projektpartner: Fraunhofer ISE, INATECH &#8211; Uni Freiburg Ziele Evaluierung der technischen und<\/p>\n","protected":false},"author":3,"featured_media":0,"parent":0,"menu_order":0,"comment_status":"closed","ping_status":"closed","template":"","meta":{"footnotes":""},"yoast_head":"<!-- This site is optimized with the Yoast SEO plugin v23.5 - https:\/\/yoast.com\/wordpress\/plugins\/seo\/ -->\n<title>\u00dcbersicht - LowEx-Bestand<\/title>\n<meta name=\"robots\" content=\"index, follow, max-snippet:-1, max-image-preview:large, max-video-preview:-1\" \/>\n<link rel=\"canonical\" href=\"https:\/\/lowex-bestand.de\/index.php\/demonstration\/?lang=de\" \/>\n<meta property=\"og:locale\" content=\"de_DE\" \/>\n<meta property=\"og:type\" content=\"article\" \/>\n<meta property=\"og:title\" content=\"\u00dcbersicht - LowEx-Bestand\" \/>\n<meta property=\"og:description\" content=\"Demonstrationsprojekte Wohnungsgesellschaft Adorf KES Karlsruher Energieservice Frank Bramfeld GBR &nbsp; Forschung im Rahmen von LowEx-Bestand Analyse F\u00f6rderkennzeichen: 03SBE0001 B\/C Laufzeit: 01.05.2018 bis 28.02.2022 Projektpartner: Fraunhofer ISE, INATECH &#8211; Uni Freiburg Ziele Evaluierung der technischen und\" \/>\n<meta property=\"og:url\" content=\"https:\/\/lowex-bestand.de\/index.php\/demonstration\/?lang=de\" \/>\n<meta property=\"og:site_name\" content=\"LowEx-Bestand\" \/>\n<meta property=\"article:modified_time\" content=\"2022-02-07T11:01:17+00:00\" \/>\n<meta property=\"og:image\" content=\"http:\/\/www.lowex-bestand.de\/wp-content\/uploads\/2022\/02\/BMWK_Fz_2017_Office_Farbe_de.png\" \/>\n<meta name=\"twitter:card\" content=\"summary_large_image\" \/>\n<meta name=\"twitter:label1\" content=\"Gesch\u00e4tzte Lesezeit\" \/>\n\t<meta name=\"twitter:data1\" content=\"2\u00a0Minuten\" \/>\n<script type=\"application\/ld+json\" class=\"yoast-schema-graph\">{\"@context\":\"https:\/\/schema.org\",\"@graph\":[{\"@type\":\"WebPage\",\"@id\":\"https:\/\/lowex-bestand.de\/index.php\/demonstration\/?lang=de\",\"url\":\"https:\/\/lowex-bestand.de\/index.php\/demonstration\/?lang=de\",\"name\":\"\u00dcbersicht - LowEx-Bestand\",\"isPartOf\":{\"@id\":\"https:\/\/lowex-bestand.de\/#website\"},\"primaryImageOfPage\":{\"@id\":\"https:\/\/lowex-bestand.de\/index.php\/demonstration\/?lang=de#primaryimage\"},\"image\":{\"@id\":\"https:\/\/lowex-bestand.de\/index.php\/demonstration\/?lang=de#primaryimage\"},\"thumbnailUrl\":\"http:\/\/www.lowex-bestand.de\/wp-content\/uploads\/2022\/02\/BMWK_Fz_2017_Office_Farbe_de.png\",\"datePublished\":\"2018-04-10T10:59:05+00:00\",\"dateModified\":\"2022-02-07T11:01:17+00:00\",\"breadcrumb\":{\"@id\":\"https:\/\/lowex-bestand.de\/index.php\/demonstration\/?lang=de#breadcrumb\"},\"inLanguage\":\"de\",\"potentialAction\":[{\"@type\":\"ReadAction\",\"target\":[\"https:\/\/lowex-bestand.de\/index.php\/demonstration\/?lang=de\"]}]},{\"@type\":\"ImageObject\",\"inLanguage\":\"de\",\"@id\":\"https:\/\/lowex-bestand.de\/index.php\/demonstration\/?lang=de#primaryimage\",\"url\":\"http:\/\/www.lowex-bestand.de\/wp-content\/uploads\/2022\/02\/BMWK_Fz_2017_Office_Farbe_de.png\",\"contentUrl\":\"http:\/\/www.lowex-bestand.de\/wp-content\/uploads\/2022\/02\/BMWK_Fz_2017_Office_Farbe_de.png\"},{\"@type\":\"BreadcrumbList\",\"@id\":\"https:\/\/lowex-bestand.de\/index.php\/demonstration\/?lang=de#breadcrumb\",\"itemListElement\":[{\"@type\":\"ListItem\",\"position\":1,\"name\":\"Startseite\",\"item\":\"https:\/\/lowex-bestand.de\/\"},{\"@type\":\"ListItem\",\"position\":2,\"name\":\"\u00dcbersicht\"}]},{\"@type\":\"WebSite\",\"@id\":\"https:\/\/lowex-bestand.de\/#website\",\"url\":\"https:\/\/lowex-bestand.de\/\",\"name\":\"LowEx-Bestand\",\"description\":\"Mehrfamilienh\u00e4user nachhaltig beheizen  - Projekt von Forschung, Heiztechnik-Herstellern und Wohnungswirtschaft\",\"publisher\":{\"@id\":\"https:\/\/lowex-bestand.de\/#organization\"},\"potentialAction\":[{\"@type\":\"SearchAction\",\"target\":{\"@type\":\"EntryPoint\",\"urlTemplate\":\"https:\/\/lowex-bestand.de\/?s={search_term_string}\"},\"query-input\":{\"@type\":\"PropertyValueSpecification\",\"valueRequired\":true,\"valueName\":\"search_term_string\"}}],\"inLanguage\":\"de\"},{\"@type\":\"Organization\",\"@id\":\"https:\/\/lowex-bestand.de\/#organization\",\"name\":\"LowEx-Bestand\",\"url\":\"https:\/\/lowex-bestand.de\/\",\"logo\":{\"@type\":\"ImageObject\",\"inLanguage\":\"de\",\"@id\":\"https:\/\/lowex-bestand.de\/#\/schema\/logo\/image\/\",\"url\":\"https:\/\/lowex-bestand.de\/wp-content\/uploads\/2022\/02\/cropped-Header_Logos_neu_3.png\",\"contentUrl\":\"https:\/\/lowex-bestand.de\/wp-content\/uploads\/2022\/02\/cropped-Header_Logos_neu_3.png\",\"width\":1999,\"height\":160,\"caption\":\"LowEx-Bestand\"},\"image\":{\"@id\":\"https:\/\/lowex-bestand.de\/#\/schema\/logo\/image\/\"}}]}<\/script>\n<!-- \/ Yoast SEO plugin. -->","yoast_head_json":{"title":"\u00dcbersicht - LowEx-Bestand","robots":{"index":"index","follow":"follow","max-snippet":"max-snippet:-1","max-image-preview":"max-image-preview:large","max-video-preview":"max-video-preview:-1"},"canonical":"https:\/\/lowex-bestand.de\/index.php\/demonstration\/?lang=de","og_locale":"de_DE","og_type":"article","og_title":"\u00dcbersicht - LowEx-Bestand","og_description":"Demonstrationsprojekte Wohnungsgesellschaft Adorf KES Karlsruher Energieservice Frank Bramfeld GBR &nbsp; Forschung im Rahmen von LowEx-Bestand Analyse F\u00f6rderkennzeichen: 03SBE0001 B\/C Laufzeit: 01.05.2018 bis 28.02.2022 Projektpartner: Fraunhofer ISE, INATECH &#8211; Uni Freiburg Ziele Evaluierung der technischen und","og_url":"https:\/\/lowex-bestand.de\/index.php\/demonstration\/?lang=de","og_site_name":"LowEx-Bestand","article_modified_time":"2022-02-07T11:01:17+00:00","og_image":[{"url":"http:\/\/www.lowex-bestand.de\/wp-content\/uploads\/2022\/02\/BMWK_Fz_2017_Office_Farbe_de.png"}],"twitter_card":"summary_large_image","twitter_misc":{"Gesch\u00e4tzte Lesezeit":"2\u00a0Minuten"},"schema":{"@context":"https:\/\/schema.org","@graph":[{"@type":"WebPage","@id":"https:\/\/lowex-bestand.de\/index.php\/demonstration\/?lang=de","url":"https:\/\/lowex-bestand.de\/index.php\/demonstration\/?lang=de","name":"\u00dcbersicht - LowEx-Bestand","isPartOf":{"@id":"https:\/\/lowex-bestand.de\/#website"},"primaryImageOfPage":{"@id":"https:\/\/lowex-bestand.de\/index.php\/demonstration\/?lang=de#primaryimage"},"image":{"@id":"https:\/\/lowex-bestand.de\/index.php\/demonstration\/?lang=de#primaryimage"},"thumbnailUrl":"http:\/\/www.lowex-bestand.de\/wp-content\/uploads\/2022\/02\/BMWK_Fz_2017_Office_Farbe_de.png","datePublished":"2018-04-10T10:59:05+00:00","dateModified":"2022-02-07T11:01:17+00:00","breadcrumb":{"@id":"https:\/\/lowex-bestand.de\/index.php\/demonstration\/?lang=de#breadcrumb"},"inLanguage":"de","potentialAction":[{"@type":"ReadAction","target":["https:\/\/lowex-bestand.de\/index.php\/demonstration\/?lang=de"]}]},{"@type":"ImageObject","inLanguage":"de","@id":"https:\/\/lowex-bestand.de\/index.php\/demonstration\/?lang=de#primaryimage","url":"http:\/\/www.lowex-bestand.de\/wp-content\/uploads\/2022\/02\/BMWK_Fz_2017_Office_Farbe_de.png","contentUrl":"http:\/\/www.lowex-bestand.de\/wp-content\/uploads\/2022\/02\/BMWK_Fz_2017_Office_Farbe_de.png"},{"@type":"BreadcrumbList","@id":"https:\/\/lowex-bestand.de\/index.php\/demonstration\/?lang=de#breadcrumb","itemListElement":[{"@type":"ListItem","position":1,"name":"Startseite","item":"https:\/\/lowex-bestand.de\/"},{"@type":"ListItem","position":2,"name":"\u00dcbersicht"}]},{"@type":"WebSite","@id":"https:\/\/lowex-bestand.de\/#website","url":"https:\/\/lowex-bestand.de\/","name":"LowEx-Bestand","description":"Mehrfamilienh\u00e4user nachhaltig beheizen  - Projekt von Forschung, Heiztechnik-Herstellern und Wohnungswirtschaft","publisher":{"@id":"https:\/\/lowex-bestand.de\/#organization"},"potentialAction":[{"@type":"SearchAction","target":{"@type":"EntryPoint","urlTemplate":"https:\/\/lowex-bestand.de\/?s={search_term_string}"},"query-input":{"@type":"PropertyValueSpecification","valueRequired":true,"valueName":"search_term_string"}}],"inLanguage":"de"},{"@type":"Organization","@id":"https:\/\/lowex-bestand.de\/#organization","name":"LowEx-Bestand","url":"https:\/\/lowex-bestand.de\/","logo":{"@type":"ImageObject","inLanguage":"de","@id":"https:\/\/lowex-bestand.de\/#\/schema\/logo\/image\/","url":"https:\/\/lowex-bestand.de\/wp-content\/uploads\/2022\/02\/cropped-Header_Logos_neu_3.png","contentUrl":"https:\/\/lowex-bestand.de\/wp-content\/uploads\/2022\/02\/cropped-Header_Logos_neu_3.png","width":1999,"height":160,"caption":"LowEx-Bestand"},"image":{"@id":"https:\/\/lowex-bestand.de\/#\/schema\/logo\/image\/"}}]}},"_links":{"self":[{"href":"https:\/\/lowex-bestand.de\/index.php\/wp-json\/wp\/v2\/pages\/296"}],"collection":[{"href":"https:\/\/lowex-bestand.de\/index.php\/wp-json\/wp\/v2\/pages"}],"about":[{"href":"https:\/\/lowex-bestand.de\/index.php\/wp-json\/wp\/v2\/types\/page"}],"author":[{"embeddable":true,"href":"https:\/\/lowex-bestand.de\/index.php\/wp-json\/wp\/v2\/users\/3"}],"replies":[{"embeddable":true,"href":"https:\/\/lowex-bestand.de\/index.php\/wp-json\/wp\/v2\/comments?post=296"}],"version-history":[{"count":48,"href":"https:\/\/lowex-bestand.de\/index.php\/wp-json\/wp\/v2\/pages\/296\/revisions"}],"predecessor-version":[{"id":1445,"href":"https:\/\/lowex-bestand.de\/index.php\/wp-json\/wp\/v2\/pages\/296\/revisions\/1445"}],"wp:attachment":[{"href":"https:\/\/lowex-bestand.de\/index.php\/wp-json\/wp\/v2\/media?parent=296"}],"curies":[{"name":"wp","href":"https:\/\/api.w.org\/{rel}","templated":true}]}}