{"id":48,"date":"2017-10-17T14:11:50","date_gmt":"2017-10-17T12:11:50","guid":{"rendered":"http:\/\/127.0.0.1:9080\/wordpress\/?page_id=48"},"modified":"2025-10-30T10:30:50","modified_gmt":"2025-10-30T09:30:50","slug":"das-projekt","status":"publish","type":"page","link":"https:\/\/lowex-bestand.de\/?lang=de","title":{"rendered":"Projekt-Verbund \u201cLowEx-Bestand\u201d"},"content":{"rendered":"<p>Im Projekt-Verbund \u00bbLowEx-Konzepte f\u00fcr die W\u00e4rmeversorgung von sanierten Mehrfamilien-Bestandsgeb\u00e4uden (LowEx-Bestand)\u00ab wurden 2016-2022 L\u00f6sungen f\u00fcr den Einsatz von Elektro- und Gas-W\u00e4rmepumpen, W\u00e4rme\u00fcbergabe- und L\u00fcftungssystemen in energetisch sanierten Mehrfamiliengeb\u00e4uden umfassend und in enger Kooperation mit gewerblichen Unternehmen aus allen relevanten Bereichen analysiert, entwickelt und demonstriert.<\/p>\n<p>Hauptziel des Vorhabens war es, LowEx-Konzepte und LowEx-Systeme f\u00fcr Bestandsgeb\u00e4ude umfassend (weiter) zu entwickeln, ihre Wirtschaftlichkeit zu erh\u00f6hen, die Qualit\u00e4t ihres Betriebs zu sichern und somit zu einer beschleunigten Markteinf\u00fchrung und -verbreitung beizutragen. Insgesamt sollte das Vorhaben so einen signifikanten Beitrag leisten, um die anvisierten klimapolitischen <span style=\"color: #000000;\">Ziele zur W\u00e4rmeversorgung des Geb\u00e4udesektors zu erreichen.<\/span><\/p>\n<figure class=\"alignright\">\n<figure class=\"alignright\">\n<figure class=\"alignright\"><\/figure>\n<\/figure>\n<\/figure>\n<figure class=\"alignright\">\n<figure class=\"alignright\">\n<figure class=\"alignright\"><\/figure>\n<\/figure>\n<\/figure>\n<h3><span class=\"lowex-bline\" style=\"color: #019682;\">Zusammenarbeit<\/span><\/h3>\n<p>Der thematische Projektverbund setzt sich aus drei S\u00e4ulen zusammen:<br \/>\nAnalyse, Technologie und Demonstration.<\/p>\n<p><img loading=\"lazy\" decoding=\"async\" class=\"alignnone wp-image-1207\" src=\"http:\/\/www.lowex-bestand.de\/wp-content\/uploads\/2021\/02\/Thematischer-Projektverbund_neu.png\" alt=\"\" width=\"748\" height=\"463\" srcset=\"https:\/\/lowex-bestand.de\/wp-content\/uploads\/2021\/02\/Thematischer-Projektverbund_neu.png 850w, https:\/\/lowex-bestand.de\/wp-content\/uploads\/2021\/02\/Thematischer-Projektverbund_neu-300x186.png 300w, https:\/\/lowex-bestand.de\/wp-content\/uploads\/2021\/02\/Thematischer-Projektverbund_neu-768x475.png 768w, https:\/\/lowex-bestand.de\/wp-content\/uploads\/2021\/02\/Thematischer-Projektverbund_neu-200x125.png 200w\" sizes=\"(max-width: 748px) 100vw, 748px\" \/><\/p>\n<p>&nbsp;<\/p>\n<p>Innerhalb des thematischen Projektverbunds stellt das \u00fcbergreifende Forschungsprojekt <b>\u201e<\/b><b>LowEx<\/b><b>-Bestand Analyse\u201c <\/b>die wissenschaftliche und kommunikative Querspange aller Arbeiten dar.<br \/>\nDas Verbundprojekt wird vom Institut f\u00fcr Nachhaltige Technische Systeme (INATECH) der Universit\u00e4t Freiburg koordiniert. Weitere Verbundpartner sind das\u00a0 Karlsruher Institut f\u00fcr Technologie (KIT) sowie das Fraunhofer-Institut f\u00fcr Solare Energiesysteme (ISE) in Freiburg.<\/p>\n<p>In den <b>Technologieprojekten<\/b> entwickeln die aufgef\u00fchrten Firmen gemeinsam mit dem Forschungspartner Fraunhofer ISE neue LowEx-Komponenten und Systeme f\u00fcr sanierte Mehrfamilienh\u00e4user.<\/p>\n<p>In den <strong>Demonstrationsprojekten<\/strong> demonstrieren Partner aus der Wohnungswirtschaft unter wissenschaftlicher Begleitung des Fraunhofer ISE die in den Technologie-Projekten entwickelten Komponenten und Systeme im Zuge beispielhafter Sanierungen von Mehrfamilienh\u00e4usern.<\/p>\n<figure class=\"alignright\">\n<figure class=\"alignright\">\n<figure class=\"alignright\"><\/figure>\n<\/figure>\n<\/figure>\n<p>Der enge Daten- und Informationsaustausch zwischen den drei S\u00e4ulen Analyse, Technologie und Demonstration macht den Mehrwert des Verbundes aus.<\/p>\n<p>&nbsp;<\/p>\n<h4><span style=\"color: #019682;\">Downloads<\/span><\/h4>\n<p><a href=\"http:\/\/www.lowex-bestand.de\/wp-content\/uploads\/2022\/02\/Poster_LowEx-Bestand_Analyse.pdf\">Poster_LowEx-Bestand<\/a><\/p>\n<hr \/>\n<p><img loading=\"lazy\" decoding=\"async\" class=\"alignright wp-image-1375\" src=\"http:\/\/www.lowex-bestand.de\/wp-content\/uploads\/2022\/02\/BMWK_Fz_2017_Office_Farbe_de.png\" alt=\"\" width=\"200\" height=\"206\" srcset=\"https:\/\/lowex-bestand.de\/wp-content\/uploads\/2022\/02\/BMWK_Fz_2017_Office_Farbe_de.png 1360w, https:\/\/lowex-bestand.de\/wp-content\/uploads\/2022\/02\/BMWK_Fz_2017_Office_Farbe_de-291x300.png 291w, https:\/\/lowex-bestand.de\/wp-content\/uploads\/2022\/02\/BMWK_Fz_2017_Office_Farbe_de-995x1024.png 995w, https:\/\/lowex-bestand.de\/wp-content\/uploads\/2022\/02\/BMWK_Fz_2017_Office_Farbe_de-768x791.png 768w\" sizes=\"(max-width: 200px) 100vw, 200px\" \/><\/p>\n<figure class=\"alignright\">\n<figure class=\"alignright\">\n<figure class=\"alignright\"><\/figure>\n<\/figure>\n<\/figure>\n<figure class=\"alignright\">\n<figure class=\"alignright\">\n<figure class=\"alignright\"><\/figure>\n<\/figure>\n<\/figure>\n<figure class=\"alignright\">\n<figure class=\"alignright\">\n<figure class=\"alignright\"><\/figure>\n<\/figure>\n<\/figure>\n<figure class=\"alignleft\"><\/figure>\n<p>&nbsp;<\/p>","protected":false},"excerpt":{"rendered":"<p>Im Projekt-Verbund \u00bbLowEx-Konzepte f\u00fcr die W\u00e4rmeversorgung von sanierten Mehrfamilien-Bestandsgeb\u00e4uden (LowEx-Bestand)\u00ab wurden 2016-2022 L\u00f6sungen f\u00fcr den Einsatz von Elektro- und Gas-W\u00e4rmepumpen, W\u00e4rme\u00fcbergabe- und L\u00fcftungssystemen in energetisch sanierten Mehrfamiliengeb\u00e4uden umfassend und in enger Kooperation mit gewerblichen Unternehmen<\/p>\n","protected":false},"author":3,"featured_media":97,"parent":0,"menu_order":0,"comment_status":"closed","ping_status":"closed","template":"","meta":{"footnotes":""},"yoast_head":"<!-- This site is optimized with the Yoast SEO plugin v23.5 - https:\/\/yoast.com\/wordpress\/plugins\/seo\/ -->\n<title>Projekt-Verbund \u201cLowEx-Bestand\u201d - LowEx-Bestand<\/title>\n<meta name=\"robots\" content=\"index, follow, max-snippet:-1, max-image-preview:large, max-video-preview:-1\" \/>\n<link rel=\"canonical\" href=\"https:\/\/lowex-bestand.de\/\" \/>\n<meta property=\"og:locale\" content=\"de_DE\" \/>\n<meta property=\"og:type\" content=\"article\" \/>\n<meta property=\"og:title\" content=\"Projekt-Verbund \u201cLowEx-Bestand\u201d - LowEx-Bestand\" \/>\n<meta property=\"og:description\" content=\"Im Projekt-Verbund \u00bbLowEx-Konzepte f\u00fcr die W\u00e4rmeversorgung von sanierten Mehrfamilien-Bestandsgeb\u00e4uden (LowEx-Bestand)\u00ab wurden 2016-2022 L\u00f6sungen f\u00fcr den Einsatz von Elektro- und Gas-W\u00e4rmepumpen, W\u00e4rme\u00fcbergabe- und L\u00fcftungssystemen in energetisch sanierten Mehrfamiliengeb\u00e4uden umfassend und in enger Kooperation mit gewerblichen Unternehmen\" \/>\n<meta property=\"og:url\" content=\"https:\/\/lowex-bestand.de\/\" \/>\n<meta property=\"og:site_name\" content=\"LowEx-Bestand\" \/>\n<meta property=\"article:modified_time\" content=\"2025-10-30T09:30:50+00:00\" \/>\n<meta name=\"twitter:card\" content=\"summary_large_image\" \/>\n<meta name=\"twitter:label1\" content=\"Gesch\u00e4tzte Lesezeit\" \/>\n\t<meta name=\"twitter:data1\" content=\"2\u00a0Minuten\" \/>\n<script type=\"application\/ld+json\" class=\"yoast-schema-graph\">{\"@context\":\"https:\/\/schema.org\",\"@graph\":[{\"@type\":\"WebPage\",\"@id\":\"https:\/\/lowex-bestand.de\/\",\"url\":\"https:\/\/lowex-bestand.de\/\",\"name\":\"Projekt-Verbund \u201cLowEx-Bestand\u201d - LowEx-Bestand\",\"isPartOf\":{\"@id\":\"https:\/\/lowex-bestand.de\/#website\"},\"primaryImageOfPage\":{\"@id\":\"https:\/\/lowex-bestand.de\/#primaryimage\"},\"image\":{\"@id\":\"https:\/\/lowex-bestand.de\/#primaryimage\"},\"thumbnailUrl\":\"\",\"datePublished\":\"2017-10-17T12:11:50+00:00\",\"dateModified\":\"2025-10-30T09:30:50+00:00\",\"breadcrumb\":{\"@id\":\"https:\/\/lowex-bestand.de\/#breadcrumb\"},\"inLanguage\":\"de\",\"potentialAction\":[{\"@type\":\"ReadAction\",\"target\":[\"https:\/\/lowex-bestand.de\/\"]}]},{\"@type\":\"ImageObject\",\"inLanguage\":\"de\",\"@id\":\"https:\/\/lowex-bestand.de\/#primaryimage\",\"url\":\"\",\"contentUrl\":\"\"},{\"@type\":\"BreadcrumbList\",\"@id\":\"https:\/\/lowex-bestand.de\/#breadcrumb\",\"itemListElement\":[{\"@type\":\"ListItem\",\"position\":1,\"name\":\"Startseite\",\"item\":\"https:\/\/lowex-bestand.de\/\"},{\"@type\":\"ListItem\",\"position\":2,\"name\":\"Projekt-Verbund \u201cLowEx-Bestand\u201d\"}]},{\"@type\":\"WebSite\",\"@id\":\"https:\/\/lowex-bestand.de\/#website\",\"url\":\"https:\/\/lowex-bestand.de\/\",\"name\":\"LowEx-Bestand\",\"description\":\"Mehrfamilienh\u00e4user nachhaltig beheizen  - Projekt von Forschung, Heiztechnik-Herstellern und Wohnungswirtschaft\",\"publisher\":{\"@id\":\"https:\/\/lowex-bestand.de\/#organization\"},\"potentialAction\":[{\"@type\":\"SearchAction\",\"target\":{\"@type\":\"EntryPoint\",\"urlTemplate\":\"https:\/\/lowex-bestand.de\/?s={search_term_string}\"},\"query-input\":{\"@type\":\"PropertyValueSpecification\",\"valueRequired\":true,\"valueName\":\"search_term_string\"}}],\"inLanguage\":\"de\"},{\"@type\":\"Organization\",\"@id\":\"https:\/\/lowex-bestand.de\/#organization\",\"name\":\"LowEx-Bestand\",\"url\":\"https:\/\/lowex-bestand.de\/\",\"logo\":{\"@type\":\"ImageObject\",\"inLanguage\":\"de\",\"@id\":\"https:\/\/lowex-bestand.de\/#\/schema\/logo\/image\/\",\"url\":\"https:\/\/lowex-bestand.de\/wp-content\/uploads\/2022\/02\/cropped-Header_Logos_neu_3.png\",\"contentUrl\":\"https:\/\/lowex-bestand.de\/wp-content\/uploads\/2022\/02\/cropped-Header_Logos_neu_3.png\",\"width\":1999,\"height\":160,\"caption\":\"LowEx-Bestand\"},\"image\":{\"@id\":\"https:\/\/lowex-bestand.de\/#\/schema\/logo\/image\/\"}}]}<\/script>\n<!-- \/ Yoast SEO plugin. -->","yoast_head_json":{"title":"Projekt-Verbund \u201cLowEx-Bestand\u201d - LowEx-Bestand","robots":{"index":"index","follow":"follow","max-snippet":"max-snippet:-1","max-image-preview":"max-image-preview:large","max-video-preview":"max-video-preview:-1"},"canonical":"https:\/\/lowex-bestand.de\/","og_locale":"de_DE","og_type":"article","og_title":"Projekt-Verbund \u201cLowEx-Bestand\u201d - LowEx-Bestand","og_description":"Im Projekt-Verbund \u00bbLowEx-Konzepte f\u00fcr die W\u00e4rmeversorgung von sanierten Mehrfamilien-Bestandsgeb\u00e4uden (LowEx-Bestand)\u00ab wurden 2016-2022 L\u00f6sungen f\u00fcr den Einsatz von Elektro- und Gas-W\u00e4rmepumpen, W\u00e4rme\u00fcbergabe- und L\u00fcftungssystemen in energetisch sanierten Mehrfamiliengeb\u00e4uden umfassend und in enger Kooperation mit gewerblichen Unternehmen","og_url":"https:\/\/lowex-bestand.de\/","og_site_name":"LowEx-Bestand","article_modified_time":"2025-10-30T09:30:50+00:00","twitter_card":"summary_large_image","twitter_misc":{"Gesch\u00e4tzte Lesezeit":"2\u00a0Minuten"},"schema":{"@context":"https:\/\/schema.org","@graph":[{"@type":"WebPage","@id":"https:\/\/lowex-bestand.de\/","url":"https:\/\/lowex-bestand.de\/","name":"Projekt-Verbund \u201cLowEx-Bestand\u201d - LowEx-Bestand","isPartOf":{"@id":"https:\/\/lowex-bestand.de\/#website"},"primaryImageOfPage":{"@id":"https:\/\/lowex-bestand.de\/#primaryimage"},"image":{"@id":"https:\/\/lowex-bestand.de\/#primaryimage"},"thumbnailUrl":"","datePublished":"2017-10-17T12:11:50+00:00","dateModified":"2025-10-30T09:30:50+00:00","breadcrumb":{"@id":"https:\/\/lowex-bestand.de\/#breadcrumb"},"inLanguage":"de","potentialAction":[{"@type":"ReadAction","target":["https:\/\/lowex-bestand.de\/"]}]},{"@type":"ImageObject","inLanguage":"de","@id":"https:\/\/lowex-bestand.de\/#primaryimage","url":"","contentUrl":""},{"@type":"BreadcrumbList","@id":"https:\/\/lowex-bestand.de\/#breadcrumb","itemListElement":[{"@type":"ListItem","position":1,"name":"Startseite","item":"https:\/\/lowex-bestand.de\/"},{"@type":"ListItem","position":2,"name":"Projekt-Verbund \u201cLowEx-Bestand\u201d"}]},{"@type":"WebSite","@id":"https:\/\/lowex-bestand.de\/#website","url":"https:\/\/lowex-bestand.de\/","name":"LowEx-Bestand","description":"Mehrfamilienh\u00e4user nachhaltig beheizen  - Projekt von Forschung, Heiztechnik-Herstellern und Wohnungswirtschaft","publisher":{"@id":"https:\/\/lowex-bestand.de\/#organization"},"potentialAction":[{"@type":"SearchAction","target":{"@type":"EntryPoint","urlTemplate":"https:\/\/lowex-bestand.de\/?s={search_term_string}"},"query-input":{"@type":"PropertyValueSpecification","valueRequired":true,"valueName":"search_term_string"}}],"inLanguage":"de"},{"@type":"Organization","@id":"https:\/\/lowex-bestand.de\/#organization","name":"LowEx-Bestand","url":"https:\/\/lowex-bestand.de\/","logo":{"@type":"ImageObject","inLanguage":"de","@id":"https:\/\/lowex-bestand.de\/#\/schema\/logo\/image\/","url":"https:\/\/lowex-bestand.de\/wp-content\/uploads\/2022\/02\/cropped-Header_Logos_neu_3.png","contentUrl":"https:\/\/lowex-bestand.de\/wp-content\/uploads\/2022\/02\/cropped-Header_Logos_neu_3.png","width":1999,"height":160,"caption":"LowEx-Bestand"},"image":{"@id":"https:\/\/lowex-bestand.de\/#\/schema\/logo\/image\/"}}]}},"_links":{"self":[{"href":"https:\/\/lowex-bestand.de\/index.php\/wp-json\/wp\/v2\/pages\/48"}],"collection":[{"href":"https:\/\/lowex-bestand.de\/index.php\/wp-json\/wp\/v2\/pages"}],"about":[{"href":"https:\/\/lowex-bestand.de\/index.php\/wp-json\/wp\/v2\/types\/page"}],"author":[{"embeddable":true,"href":"https:\/\/lowex-bestand.de\/index.php\/wp-json\/wp\/v2\/users\/3"}],"replies":[{"embeddable":true,"href":"https:\/\/lowex-bestand.de\/index.php\/wp-json\/wp\/v2\/comments?post=48"}],"version-history":[{"count":75,"href":"https:\/\/lowex-bestand.de\/index.php\/wp-json\/wp\/v2\/pages\/48\/revisions"}],"predecessor-version":[{"id":1598,"href":"https:\/\/lowex-bestand.de\/index.php\/wp-json\/wp\/v2\/pages\/48\/revisions\/1598"}],"wp:featuredmedia":[{"embeddable":true,"href":"https:\/\/lowex-bestand.de\/index.php\/wp-json\/"}],"wp:attachment":[{"href":"https:\/\/lowex-bestand.de\/index.php\/wp-json\/wp\/v2\/media?parent=48"}],"curies":[{"name":"wp","href":"https:\/\/api.w.org\/{rel}","templated":true}]}}